*3 - 4*f**2 - 9*f - 11. What is the remainder when r(z) is divided by 25?
19
Let z = 18392 + -17921. What is the remainder when z is divided by 198?
75
Let s = 90 - -28. Calculate the remainder when (-2)/(-4)*s + -4 is divided by 31.
24
Suppose 2*j = -s + 452, 0 = 4*j - 10*s + 7*s - 904. What is the remainder when j is divided by (4*1)/(4/46)?
42
Let v = -17 - -82. Let a = v - 57. Suppose 9*h - 2 = a*h. What is the remainder when 4 is divided by h?
0
Suppose 22*y - 4007 = 2*y - 3307. Calculate the remainder when 1077 is divided by y.
27
Let x(s) = -s**2 + 18*s - 5. Let b be x(17). Suppose 4*w = b, 2*p = -3*w + 6*w + 45. Calculate the remainder when 42 is divided by p.
15
Suppose 0 = 4*v + 60*n - 58*n - 126, -4*v = -3*n - 131. Calculate the remainder when 1622 is divided by v.
22
Let q be (70 + -72)/(1/(-4) - 0). Suppose -v + q*v = 98. What is the remainder when 66 is divided by v?
10
Let g = 128 - -31. Let b = g - 59. What is the remainder when b is divided by 15?
10
Let m = -5569 - -5589. Calculate the remainder when 391 is divided by m.
11
Let n(y) = 10 - y**3 + 12 - 6*y**2 - 3*y - 26. Let a = 216 - 222. Calculate the remainder when 78 is divided by n(a).
8
Suppose -6591*c + 6583*c = -11784. What is the remainder when c is divided by 363?
21
Let j(b) = b**3 + 3*b**2 - 5*b + 12. Let f = 152 - 104. What is the remainder when f is divided by j(-4)?
0
Suppose -4*f + 66 = -470. Suppose -35 = 3*p - f. Calculate the remainder when 94 is divided by p.
28
Let h be (-2)/8*(15 + -23). Suppose h*c + 18 = -2*x - 2*c, 0 = 5*x + c + 9. What is the remainder when 14 is divided by 3 - ((x - 0) + -1)?
4
Suppose 33 - 9 = i + 3*c, 0 = i - 18*c + 60. What is the remainder when i is divided by 0 - (3 - 28/4)?
0
Suppose 1 = -4*y + 17, -5*t + 39 = y. Calculate the remainder when 590 is divided by t.
2
Suppose -782 = -9*p - 25*p. What is the remainder when p is divided by 23?
0
Let h(q) = -12*q - 117. Suppose d - 5*d = 44. Calculate the remainder when h(d) is divided by 2.
1
Let t be ((-4)/(-9))/(-2) - 302/(-1359). Let i(x) = 2*x + 6 + 2*x + 19. What is the remainder when 65 is divided by i(t)?
15
Let f be (110/(-7))/(456/(-224) + 2). Let j = f + -410. What is the remainder when 115 is divided by j?
25
Suppose 5*a + 0 = 105. Let u = -8 + 10. Suppose -81 + a = -u*j. What is the remainder when j is divided by 11?
8
What is the remainder when 348 is divided by (-135949)/(-2431) + (-1)/(-13)?
12
Suppose -3*w - 17 = -2*a, 0*w - w + 2*a - 7 = 0. Let g(z) = z**2 - z**3 + 2*z - z - 5*z**2 + z. Calculate the remainder when 44 is divided by g(w).
14
Let g = -8212 + 8312. What is the remainder when 693 is divided by g?
93
Suppose -4*k + 149 = y - 123, y - 293 = 3*k. Let s = y + -248. Calculate the remainder when s is divided by 19.
17
Calculate the remainder when 4999 is divided by (-1)/((-14)/12) + 34*410/70.
199
Let w(o) = 2*o**3 - 6*o**2 + 5*o + 1. Suppose 0 = -z + 2*z - 3. Let r be w(z). Let i = 45 - r. Calculate the remainder when i is divided by 16.
13
Let j(b) = -140*b + 9351. Calculate the remainder when j(61) is divided by 248.
67
Let x be 5/(5 - 15)*0/2. Suppose -o + 3*w + 22 = -x*w, -3*w = 5*o - 56. Let f(v) = 14*v + 5. Calculate the remainder when f(6) is divided by o.
11
Suppose 4*i = -28 + 88. Suppose 3*v + 3*k = 123, -12*v - 4*k = -i*v + 88. Calculate the remainder when 323 is divided by v.
35
Suppose -28*r + 34*r + 114 = 0. Calculate the remainder when 17 is divided by (-4)/12*(4 + r).
2
Calculate the remainder when 22/(-4)*(-576)/528 + 159*3 is divided by 231.
21
Let l(j) = 75*j - 136. What is the remainder when 307 is divided by l(4)?
143
Let a(b) = 31 + 4*b - 41 + 3 + 2*b**3 + 16*b**2. What is the remainder when 251 is divided by a(-7)?
62
Suppose 6787*f - 3395*f = 3397*f - 135. Let v(u) = -u**2 + 14*u - 7. What is the remainder when v(7) is divided by f?
15
Let c(x) = 45*x**3 - x**2 - 36*x + 73. What is the remainder when c(2) is divided by 37?
24
Suppose 6*p + 58 = p - 3*n, 3*n - 30 = 3*p. What is the remainder when -1 - -1 - (p + (7 - 186)) is divided by 56?
22
Let c(n) = 9*n**3 + 21*n**2 - 27*n - 34. What is the remainder when 793 is divided by c(4)?
23
Suppose -26*j - 5*y + 101 = -23*j, 2*j = 4*y + 126. What is the remainder when 984 is divided by j?
44
Suppose 500 = 4*a + 5*l, 66*a - 5*l = 63*a + 375. Calculate the remainder when a is divided by 30.
5
Let y(b) = -237*b + 2142. Let g be -5 - (-2 - 1) - -37. Suppose 69 + g = 4*a. What is the remainder when a is divided by y(9)?
8
Suppose 3 = -n + 21. Suppose n = a - 4. What is the remainder when (1634/760*-12)/((3/5)/(-3)) is divided by a?
19
Let b(r) = -r**2 - 16*r + 373. Calculate the remainder when b(-24) is divided by 14.
13
Suppose -266*b = 85*b - 17901. Suppose 0*m + 2*m - 22 = -2*r, 0 = 4*m + 5*r - 44. Calculate the remainder when b is divided by m.
7
Calculate the remainder when 5*(-51)/(-170)*(14215 - -7) is divided by 168.
165
Calculate the remainder when (36/480*10)/(2 - 55374/27688) is divided by 118.
117
Suppose z - 12 = 14. Suppose -z*b + 213 = -23*b. Suppose -5*p - b = -406. What is the remainder when p is divided by 17?
16
Let u(d) = -21 + 16 + 22 + 10*d + 7. What is the remainder when 158 is divided by u(3)?
50
Let r(c) = 13*c**2 - 438*c + 39. Calculate the remainder when 1567 is divided by r(34).
167
Let i(t) = t**3 + 5*t**2 + 3*t - 2. Let l be -1*((-4)/5)/2*-10. Let c be i(l). What is the remainder when c/(-9) - 2360/(-90) is divided by 7?
5
Let f = -35508 - -35543. Let s = 38 - -14. What is the remainder when s is divided by f?
17
Let s(j) = j**3 + 33*j**2 + 35*j - 805. What is the remainder when s(-31) is divided by (9/2)/(1/2)?
5
Suppose 391 = 13*j - 499 - 72. What is the remainder when 334 is divided by j?
38
Suppose 87*m - 2*c = 90*m - 195, -2*m + 149 = -5*c. Calculate the remainder when 142 is divided by m.
8
Let o = -1 - -3. Suppose o*c + 65 = 3*q, -2*q + 44 = c - 11. Let n = q - 13. What is the remainder when n is divided by 5?
2
Suppose 152*h - 304 = -4*d + 148*h, 3*d = 2*h + 193. Calculate the remainder when 402 is divided by d.
57
Let k = -429 - -438. Suppose -6*p + k*p = 114. Calculate the remainder when p is divided by 2.
0
Suppose 98*m - 102*m + 52 = 0. Let y be (-2)/(-6) - (-26)/(-6). What is the remainder when 21 + -1 - 12/y is divided by m?
10
Let d(c) = c**3 + 33*c**2 - 21*c - 373. What is the remainder when 555 is divided by d(-33)?
235
Let w be 2/3 - 104/3. Let g be -1*2*(-188)/(-8). Let u = w - g. What is the remainder when u is divided by 4?
1
Let v(z) = -16*z**2 - z. Let j be v(1). Let y = j + 35. Suppose 2*x + 2*t + y = 4*x, t = 2*x - 14. What is the remainder when 22 is divided by x?
2
Suppose 0 = 9*a - 640 - 1115. Suppose -a - 182 = -13*m. Calculate the remainder when m is divided by 6.
5
Let o(s) be the second derivative of -12*s**3 - 87*s**2/2 + 91*s. What is the remainder when o(-4) is divided by 70?
61
Let b(g) = 288*g - 555. What is the remainder when 7432 is divided by b(2)?
19
Suppose 5*j = 4*w - 755, -4*w - 2*j + 235 = -555. Let d = 62 + -58. Suppose -2*b + 0*z + 58 = z, 2*b - 64 = -d*z. What is the remainder when w is divided by b?
27
Let q(f) = 1132*f**2 + 26*f - 16. Calculate the remainder when q(1) is divided by 128.
118
Suppose -5746 = -45*v - 55*v + 83*v. Calculate the remainder when v is divided by 69.
62
Let i(m) = 2*m**2 + 2. Let w(c) = 11*c**2 - 19*c + 57. Let n(g) = 5*i(g) - w(g). What is the remainder when 368 is divided by n(12)?
35
Let w(x) = 10*x + 20*x - 12*x - 6. Let t be w(4). Let q = t - 51. What is the remainder when q is divided by 3?
0
Let c(b) = -b**2 + 10. Let m(l) = -l**3 + 5*l**2 + 4*l + 6. Let s be m(6). Let r = s - -6. What is the remainder when c(r) is divided by 8?
2
Suppose -3*q = -2*q - 42. Suppose 3*v + 3*s - q = 0, -33 - 5 = -4*v + 2*s. Calculate the remainder when 1 + 1*20 + -2 is divided by v.
8
Let t(x) = 10*x**2 + 73*x - 74. Calculate the remainder when t(1) is divided by 1.
0
Let h be (-2336)/(-32) + (2 - 7)/1. Calculate the remainder when h + (-1 - -2)*6 is divided by 6.
2
Let h(x) = 38*x**3 + 18*x**2 - 36*x - 1. Calculate the remainder when h(2) is divided by 106.
91
Let l = 227 - 214. Suppose 4*p + 154 = 3*i, 4*i - l = -4*p + 155. What is the remainder when (-6 - 21)/(1/(-5)) is divided by i?
43
Let k = 49